is the highest common divisor of n and 27?
3
Suppose -4*p + 124 = -2*v, 4*p - 81 - 55 = -4*v. What is the greatest common divisor of p and 4?
4
Let f be 16/6*(-90)/(-12). Let l = 40 + f. What is the highest common divisor of l and 2?
2
Let b(w) = w**3 - 3*w - 2. Let x be 2/(-8)*-4 - -2. Let y be b(x). Suppose 2*h + 0*h - y = 0. What is the greatest common divisor of 8 and h?
8
Suppose 3*g - 25 = 2. Let k be (-22 + g)*8/(-2). Calculate the greatest common divisor of 13 and k.
13
Suppose -2*y = 2*k - 0*y - 188, 0 = -3*k - y + 290. Calculate the greatest common divisor of 56 and k.
14
Suppose 14*x + 24 = 20*x. Suppose 0 = o - 0*o. Suppose o = -2*t - d + 8, d + x*d = t + 7. What is the highest common divisor of 27 and t?
3
Let m(u) = 7*u - 70. Let g be m(13). Calculate the greatest common divisor of 329 and g.
7
Suppose 3*g = 3*j + 156, 0 = -2*g - 3*j + 4 + 75. Let k = g + -29. Let n be -2 + 2 + 6*1. Calculate the highest common factor of n and k.
6
Let j = 585 + -457. Calculate the greatest common factor of j and 8.
8
Let s(i) = 2*i**2 - 3*i. Let h be s(5). Calculate the highest common divisor of h and 20.
5
Let v be 2/(-1)*(-1326)/17. What is the greatest common factor of v and 208?
52
Suppose -12*k - 1635 = -6531. What is the greatest common factor of k and 4?
4
Let x(z) = -3*z**3 - z**2 + z - 2. Let u(s) = s + 12. Let a be u(-10). Let v be x(a). Let m = 43 + v. Calculate the highest common divisor of m and 30.
15
Let w(r) = 3*r**3 - 4*r - 4. Let i be w(5). Calculate the greatest common divisor of i and 54.
27
Let b(v) = v**3 - 24*v**2 - 129*v - 27. Let m be b(29). What is the greatest common divisor of 23 and m?
23
Let n be (-30)/(-3) + 6/(-2). Suppose -8*i + n*i = -132. What is the greatest common divisor of i and 12?
12
Let t be (-5 - -43) + (-4)/(-1). Let p(g) = 5*g**3 - 2*g**2 - 2*g + 2. Let i be p(3). Suppose -i = -5*y + 27. What is the greatest common divisor of y and t?
14
Let f be (-856)/(-10) - (-4)/10. Calculate the highest common divisor of f and 43.
43
Let s(w) = -w**3 + 13*w**2 - 10*w + 10. Let t be s(12). Suppose -6*g + t = -38. Calculate the highest common factor of g and 84.
12
Suppose -6*o = -3*o + 51. Let r = -12 - o. What is the greatest common factor of 15 and r?
5
Suppose -35 = -7*j + 14. Suppose -4*x + 0*x = -5*a + 21, -x = 5*a - 1. Let u be 62 + (-2)/((-2)/a). Calculate the greatest common factor of u and j.
7
Let x(o) = 7*o - 38. Suppose -8*l + 48 = -2*l. Let n be x(l). What is the greatest common factor of n and 27?
9
Let c be (-112)/(-224) + -1 + (-3)/(-2). Calculate the highest common divisor of 16 and c.
1
Let j = -42 + 66. Let n be (-36)/(-126) + j/14. Suppose n*w - 25 + 5 = 0. What is the greatest common divisor of 4 and w?
2
Suppose -3*o = -5*o + 306. What is the highest common factor of 9 and o?
9
Let t be (-1672)/(-10) - (-55)/(-25). Calculate the highest common divisor of 75 and t.
15
Let p = 48 + -19. Let q = 6 + -4. Let l = p - q. What is the highest common factor of l and 189?
27
Let j = -1 - 9. Let n be j*(15/5 + -5). Calculate the greatest common divisor of 220 and n.
20
Suppose -125 = 3*w - 419. Calculate the highest common factor of 112 and w.
14
Let r be ((-1)/2)/((-2)/516). Suppose 0 = 28*i + 2*i + 2670. Let n = r + i. What is the highest common factor of 16 and n?
8
Let c(p) = 4*p - 65. Let g be c(18). Let z be ((-6)/14 - (-87)/g) + -1. What is the highest common divisor of 88 and z?
11
Suppose p - 7334 = -4*i, -5*i = -3*p - 4511 - 4665. What is the greatest common divisor of i and 14?
14
Suppose -5*p = 2*s - 948, 44*p = 42*p - 4*s + 392. What is the highest common divisor of 12 and p?
4
Let w be 2 + 0 + (-1 - -5). Let j be (-44)/w*(-3)/1. What is the highest common divisor of 44 and j?
22
Suppose -12 = 3*p, -p + 6*p = 4*t - 64. Let z be ((-35)/(-2))/(t/22). Suppose -14*u + 9*u + z = 0. What is the highest common divisor of 49 and u?
7
Suppose 0 = -13*c - 211 + 3539. Calculate the highest common factor of c and 32.
32
Let t(w) = 3*w + 4. Let c be t(-3). Let u(v) = 2*v**2 + 7*v - 5. Let d be u(c). What is the highest common divisor of 40 and d?
10
Let o(q) = -q**3 + 9*q**2 - 6*q + 5. Let f be o(8). Let c be ((-6)/(-8))/((-5)/(-700)). What is the highest common factor of f and c?
21
Let b be (4 - 2) + (5 - 10/5). Suppose p - b*n = -3*n + 24, 4*n = -2*p + 64. What is the greatest common divisor of 7 and p?
7
Suppose -17 = 3*y - 95. Let o(p) = p - 16. Let l be o(18). Calculate the greatest common divisor of y and l.
2
Suppose -6*p + 54 = 3*p. Let h = -204 - -210. Calculate the greatest common factor of p and h.
6
Let r = 15 - 11. Suppose 169 = 2*d + r*u - 179, -5*d - 2*u = -886. Suppose -3*c = 5*s - 443, s - d = -s - 2*c. Calculate the greatest common factor of 11 and s.
11
Let u be -5 + 0 + 0 - (-477 - 55). What is the highest common factor of u and 17?
17
Let j be (-14)/77 - 524/22. Let l be (j/(-20))/(6/45). Suppose 5 = -4*b + l*b. Calculate the highest common divisor of b and 9.
1
Let g(w) be the first derivative of 21/2*w**2 - 2*w + 6. Let i be g(2). Calculate the highest common divisor of 16 and i.
8
Suppose 0 = -2*w + 64 + 90. Suppose 3*r - 488 = -w. Let b = 50 + r. Calculate the greatest common factor of 17 and b.
17
Let l = -17 + 29. Let v be 16 - 14 - (-68)/2. Calculate the highest common factor of v and l.
12
Let t be ((-15)/6)/((-130)/1144). Calculate the highest common divisor of 682 and t.
22
Suppose -2*r - 2*w + 159 = 3*r, -162 = -5*r - w. Let j = r + -31. Calculate the highest common factor of 3 and j.
1
Suppose 0 = 5*u - 5, 0 = -4*d + 3*u - 0*u + 537. Let v be (432/d)/(2/5). Let w be (3 + -1)/(-2) + 13. What is the highest common factor of v and w?
4
Suppose -3*f + 485 = -b - 183, 5*f - 5*b - 1100 = 0. Calculate the greatest common factor of 64 and f.
32
Let j be ((-60)/42)/((-2)/14). Let g be j*1 + 2/(-2). Suppose 9*k - 10*k = -g. What is the highest common divisor of 36 and k?
9
Let b(k) = -4*k - 6 + 0*k + k. Let a be b(-4). Let q be (-1760)/16*6/(-10). What is the highest common factor of a and q?
6
Suppose 2*g + g = -5*h + 104, 3*g = h + 116. What is the highest common divisor of g and 171?
19
Let b = 408 + -402. Calculate the greatest common divisor of 45 and b.
3
Let y be 27 - (3 + -3 - 1 - 0). What is the greatest common divisor of 308 and y?
28
Suppose -2*l - 7*i + 2*i = -1247, -3*i = l - 621. What is the greatest common factor of l and 12?
12
Let l(b) = b**2 + 2. Let i be l(-2). Let v(y) = y**2 + 2*y + 1. Let x be v(0). Let f = x + i. What is the highest common divisor of 14 and f?
7
Let n(w) = -2*w**3 - w**2 - 3*w - 1. Let a be ((-3 + 1)*(-9)/(-9))/1. Let i be n(a). What is the highest common factor of 153 and i?
17
Suppose 0 = 8*q + 1772 - 2388. Calculate the greatest common divisor of 42 and q.
7
Suppose -27*q + 165 + 321 = 0. Let y(k) = -15*k - 7. Let l be y(-6). Suppose l = 4*f - 133. What is the greatest common divisor of f and q?
18
Let v(l) = -l**3 - 14*l**2 + 22*l + 26. Let s be v(-16). Calculate the greatest common factor of 12 and s.
6
Let y = -4 + -12. Let p = y + 22. Calculate the greatest common factor of 4 and p.
2
Let g = -19 - 109. Let o = -112 - g. What is the greatest common divisor of o and 160?
16
Let j(q) = -2*q**3 + 50*q**2 + 11*q - 35. Let p be j(25). What is the highest common factor of 8 and p?
8
Let h be (0 - -1)/(8/408). Suppose 4*r = 3*r - 30. Let o = h + r. What is the greatest common divisor of 3 and o?
3
Let w = 34 + 11. Suppose 5*g - 4*h - 7 = 38, g - 3*h = 20. Suppose 0 = -3*q - y + 13, g*q = y + y + 29. What is the highest common divisor of w and q?
5
Let a be ((-100)/(-6))/(20/30). Let l be (-20)/a - 147/(-15). Calculate the highest common factor of l and 45.
9
Suppose 77 = 10*x - 173. Let z(f) = 7*f + 39. Let j be z(23). Calculate the greatest common factor of x and j.
25
Suppose 69*f = 77*f - 432. What is the greatest common factor of 12 and f?
6
Let i be (-384)/(-36) - (-2 - 5/(-3)). Suppose i*f - 16*f = -15. What is the greatest common factor of 33 and f?
3
Let r be (17 + -1)*(48 - 6). Calculate the highest common divisor of r and 63.
21
Suppose -24*q = -5934 - 306. Calculate the greatest common divisor of q and 208.
52
Suppose q + 85 = 2*q. Calculate the greatest common factor of q and 5.
5
Suppose x - 17 - 22 = 0. Calculate the high